nvert 671446 (base 14) to base 13.
956aa2
What is -35323530 (base 6) in base 7?
-12230400
What is 105045077 (base 8) in base 12?
609267b
-78719 (base 11) to base 16
-1bd52
-10071712 (base 8) to base 3
-11000001102011
-11000011001011011001010 (base 2) to base 15
-864ece
1a769d (base 14) to base 12
395523
51988 (base 12) to base 7
623252
What is -88b8d (base 15) in base 16?
-6a1b0
Convert -134691 (base 13) to base 9.
-781413
Convert 2a447 (base 11) to base 14.
11a07
-2222220221101 (base 3) to base 8
-6046765
-126165 (base 10) to base 15
-275b0
Convert 30ca (base 16) to base 3.
122010121
10123100302 (base 4) to base 13
318145
-6871266 (base 10) to base 16
-68d8e2
-49875 (base 11) to base 14
-1c13b
Convert -10352520 (base 6) to base 8.
-1136140
What is 1142446 (base 14) in base 9?
16428728
Convert -21f174 (base 16) to base 6.
-115402340
What is -200201030 (base 4) in base 15?
-296eb
What is -100111000111010010001 (base 2) in base 10?
-1281681
Convert 10010011101000100 (base 2) to base 4.
102131010
What is -37669 (base 13) in base 14?
-29335
-10222101222 (base 3) to base 12
-3938b
What is 546226 (base 7) in base 12?
47547
Convert -7212830 (base 10) to base 16.
-6e0f1e
11650198 (base 10) to base 2
101100011100010010010110
What is -1000100001000010 (base 2) in base 3?
-1202211221
142364 (base 11) to base 10
222710
What is 1022122022121 (base 3) in base 8?
2532132
-78655 (base 13) to base 15
-44b77
-25cac4 (base 13) to base 10
-913605
Convert -20112323200 (base 4) to base 15.
-2d4317
-434414 (base 8) to base 13
-513cb
Convert 221011212220201 (base 3) to base 2.
110011000011001000101111
What is -112132514 (base 6) in base 5?
-1012041100
Convert a79569 (base 14) to base 2.
10101101000111111011001
-49fa2 (base 16) to base 8
-1117642
What is 154968 (base 12) in base 11?
227090
Convert 1111101111001000 (base 2) to base 8.
175710
What is 234167 (base 11) in base 14?
9958b
Convert -11001001011110001101 (base 2) to base 11.
-514009
1151405 (base 6) to base 10
61277
Convert 3711873 (base 10) to base 7.
43356534
Convert -120012122020 (base 3) to base 6.
-10225523
Convert -1011111111111101001 (base 2) to base 16.
-5ffe9
42217 (base 15) to base 7
1532302
Convert -29fd6 (base 16) to base 10.
-171990
Convert 388c3 (base 16) to base 15.
48964
-1724613 (base 8) to base 10
-502155
-2875566 (base 11) to base 10
-4941349
What is 10531453 (base 6) in base 2?
1001110111000011001
What is -14143123 (base 5) in base 4?
-203303213
What is 77e657 (base 16) in base 4?
131332121113
What is -1011110111101011011111 (base 2) in base 8?
-13675337
Convert 48a9 (base 15) to base 9.
23176
What is 14201021 (base 5) in base 14?
3b80b
What is -406599 (base 14) in base 5?
-1023401000
Convert -101112222211 (base 3) to base 6.
-4241504
-14539187 (base 10) to base 16
-ddd9b3
What is 212444413 (base 5) in base 2?
11011101001111111001
Convert 213206 (base 9) to base 12.
61606
Convert 53401243 (base 6) to base 15.
21077c
-7805202 (base 9) to base 12
-14a44a8
What is -1678620 (base 14) in base 5?
-10312023143
375994 (base 10) to base 13
1021a8
Convert 25aa86 (base 13) to base 15.
12e5ab
-20001022021 (base 3) to base 8
-350412
What is 2404326 (base 8) in base 16?
a08d6
What is -e8c1a (base 16) in base 2?
-11101000110000011010
Convert -474526 (base 8) to base 5.
-20142014
What is c0aeb (base 16) in base 4?
3000223223
Convert 6e961 (base 15) to base 11.
221335
What is -157476 (base 9) in base 2?
-10111110001000110
What is 30234224 (base 6) in base 12?
355974
What is -106dccd (base 14) in base 5?
-3444020422
What is 131186 (base 9) in base 15?
188d0
-4223144103 (base 5) to base 16
-8652d4
1ac83e (base 16) to base 15
24a0d3
-33668 (base 11) to base 2
-1011111001001100
What is 102645 (base 9) in base 15?
1313e
Convert -80717 (base 10) to base 3.
-11002201112
What is 7191 (base 10) in base 13?
3372
Convert -13352131 (base 6) to base 16.
-6de97
What is -16468d (base 16) in base 14?
-2a0033
What is -120211011211021 (base 3) in base 7?
-131316403
What is -4618fc (base 16) in base 5?
-2134001131
Convert -508028 (base 14) to base 16.
-295e44
233604 (base 7) to base 6
523040
Convert -39 (base 14) to base 10.
-51
What is -111231133 (base 5) in base 6?
-14320512
Convert -3c47 (base 15) to base 16.
-325c
Convert 100000011102201 (base 3) to base 10.
4786201
-b5a665 (base 15) to base 12
-2a88a05
Convert -bc797 (base 15) to base 13.
-17c8c0
-218d5 (base 14) to base 13
-2b033
-1022122211 (base 3) to base 14
-968c
21001111 (base 4) to base 16
9055
What is -2b975 (base 15) in base 6?
-3002302
1020111102201 (base 3) to base 6
22044244
What is 404983 (base 13) in base 7?
15466213
-15336534 (base 7) to base 10
-1471740
What is 1608262 (base 10) in base 2?
110001000101001000110
What is 10004122 (base 5) in base 2?
10011001101000110
What is -102222303030 (base 4) in base 11?
-2842950
Convert -11100000101101101011010 (base 2) to base 13.
-16aa76a
-187371 (base 12) to base 4
-1220111011
Convert -24cc8c (base 13) to base 5.
-211312323
What is 1490a0 (base 13) in base 7?
4203405
-3023611 (base 7) to base 14
-94c08
13315054 (base 7) to base 12
4b450a
What is -100000000110001010101 (base 2) in base 14?
-1d53db
-2022172 (base 8) to base 9
-1002887
Convert -4537346 (base 9) to base 5.
-1111233310
1d1b (base 15) to base 10
6326
Convert -303212132 (base 4) to base 14.
-57050
-682a9a (base 11) to base 2
-100001001011110110111
Convert -101001110011101111110 (base 2) to base 3.
-2120121021002
What is 533041024 (base 6) in base 2?
100011110010110101101000
What is -11022220201 (base 3) in base 12?
-413a7
What is 2332737 (base 8) in base 2?
10011011010111011111
What is 3420444 (base 5) in base 2?
1110110101001101
-4553b (base 13) to base 15
-27584
-130b14 (base 12) to base 8
-1142500
What is 115300311 (base 7) in base 4?
123210130131
-1244732 (base 9) to base 5
-133214140
-2211420414 (base 5) to base 12
-1732b45
What is 104114043 (base 5) in base 7?
3613344
Convert -253531 (base 7) to base 12.
-23197
-6bea (base 15) to base 11
-1626a
-4a449 (base 16) to base 8
-1122111
7020573 (base 11) to base 6
1122234234
-42230012 (base 5) to base 2
-1010101111010001010
What is 1000030220022 (base 4) in base 16?
100ca0a
121626231 (base 7) to base 15
a0cdc3
What is -24088608 (base 9) in base 2?
-101100110100110001110100
Convert 144238 (base 10) to base 15.
2cb0d
134063 (base 12) to base 13
b19a8
Convert 72b18 (base 12) to base 11.
a2947
What is 6753007 (base 10) in base 12?
2317ba7
-254411243 (base 6) to base 8
-22773113
What is 5390980 (base 10) in base 4?
110210022010
What is 819e1b (base 15) in base 4?
113133231020
-3e2bb (base 15) to base 4
-300301013
What is 440231003 (base 5) in base 16?
1cbc75
2015bc (base 13) to base 11
46a355
-4357 (base 8) to base 6
-14331
Convert -2251400 (base 6) to base 2.
-11100001111111000
Convert -2112102201 (base 3) to base 5.
-3044023
1267b3 (base 12) to base 5
34124230
Convert -11404324221 (base 5) to base 12.
-4580674
What is 2061560 (base 7) in base 6?
5210542
What is 447065 (base 9) in base 10?
267602
10111211012101 (base 3) to base 8
7075221
What is -a0384 (base 11) in base 10?
-146865
11101111001100100110 (base 2) to base 15
14546a
Convert 27bba (base 15) to base 12.
61971
Convert -117348 (base 9) to base 3.
-10121101122
What is -10111003001 (base 4) in base 6?
-40153345
Convert -1714378 (base 9) to base 13.
-27564b
Convert -113251 (base 7) to base 16.
-4f93
What is 5ad47 (base 14) in base 10?
222131
What is -247849 (base 10) in base 9?
-416877
What is -a2543a (base 12) in base 8?
-11537056
What is 320111121 (base 4) in base 11?
1483a9
What is -63245 (base 13) in base 8?
-534260
What is 710007 (base 8) in base 5?
24432404
What is 10011001001000100110 (base 2) in base 9?
1155361
Convert 1b0633 (base 13) to base 9.
1255650
21322324 (base 5) to base 4
230220313
What is 4634122 (base 7) in base 5?
122030303
4a3596 (base 15) to base 2
1101100011111101000101
Convert 19875a (base 11) to base 15.
602c0
Convert 1174391 (base 13) to base 15.
71c312
Convert 162b99 (base 13) to base 12.
225892
-1a40647 (base 11) to base 2
-1101001000001100000100
What is -3644 (base 9) in base 8?
-5231
Convert e9eae (base 16) to base 8.
3517256
What is -6516446 (base 7) in base 14?
-169826
-c663b (base 16) to base 9
-1467612
What is -12c